e 14) in base 7?
-12451436
b1b58 (base 12) to base 5
24401401
Convert 5106003 (base 9) to base 15.
38b1a6
What is -245405333 (base 6) in base 7?
-55220364
What is -10db761 (base 14) in base 12?
-2848835
Convert -2417447 (base 8) to base 4.
-2201330213
What is -7460927 (base 10) in base 5?
-3402222202
What is -bb95a4 (base 14) in base 12?
-216b178
What is 38296 (base 12) in base 15?
179a9
c2fa1 (base 16) to base 11
4a6023
123366342 (base 7) to base 2
11101111000000101011000
What is 808416 (base 10) in base 3?
1112001221100
110112021111111 (base 3) to base 7
110411005
What is 51d0b (base 15) in base 13?
91118
What is 11d37 (base 14) in base 11?
2a96a
1720515 (base 8) to base 15
9d265
-a740 (base 16) to base 5
-2332231
Convert -8779 (base 11) to base 10.
-11581
What is 241444314 (base 5) in base 16?
112a5f
-1110130 (base 4) to base 16
-151c
-13147626 (base 8) to base 10
-2936726
Convert -88759 (base 10) to base 7.
-516526
Convert -3c9210 (base 15) to base 16.
-2c8071
Convert -59d75 (base 16) to base 9.
-620706
Convert -420424320 (base 5) to base 10.
-1733085
What is -2122303 (base 5) in base 3?
-1211022121
What is 2357351 (base 11) in base 16?
3eb3a0
Convert 13311230031 (base 4) to base 11.
1183994
-33513030 (base 6) to base 4
-3321023022
2b643a0 (base 12) to base 3
121122011120110
What is -3054525 (base 6) in base 12?
-71445
-121313201 (base 5) to base 4
-2023313332
Convert 114602 (base 11) to base 9.
306267
What is -30321 (base 4) in base 15?
-3a0
Convert 2a963b5 (base 12) to base 5.
4204022344
Convert 36a207 (base 14) to base 10.
1871807
-12343032 (base 5) to base 4
-131230222
Convert 1b5844 (base 13) to base 7.
5634366
Convert 1e2dd0 (base 16) to base 9.
3644034
Convert -236c40a (base 14) to base 11.
-9618927
307496 (base 10) to base 7
2420330
What is -13b881 (base 12) in base 10?
-331297
What is 1c848 (base 16) in base 14?
307d6
-1a00485 (base 11) to base 16
-339d78
1113502 (base 7) to base 10
138133
What is 2b323 (base 13) in base 10?
81825
What is -204041210 (base 5) in base 16?
-cea5e
10111011001100001001011 (base 2) to base 15
812675
What is -1101202121120 (base 3) in base 16?
-b5782
30343241 (base 5) to base 12
ba920
Convert 875675 (base 12) to base 2.
1000001011110001111001
Convert 3bb3c (base 16) to base 7.
2035642
-4d02b4 (base 14) to base 4
-22013101312
Convert 45600512 (base 8) to base 13.
20865a3
41050405 (base 8) to base 14
121a245
Convert 3061110 (base 8) to base 2.
11000110001001001000
What is 14650210 (base 7) in base 11?
881194
What is -3addcf (base 16) in base 10?
-3857871
Convert -1538141 (base 9) to base 5.
-204233234
Convert 1413433 (base 7) to base 14.
4c9c3
What is a3b0b (base 12) in base 16?
3447b
-1278c5b (base 14) to base 10
-8898481
What is -1a2c76a (base 13) in base 7?
-133210206
What is 2a36207 (base 11) in base 6?
303324514
Convert 234494 (base 12) to base 16.
8a8b0
Convert 203102023 (base 4) to base 5.
14111043
Convert 292028 (base 10) to base 16.
474bc
Convert 156664 (base 10) to base 13.
56401
What is 11306305 (base 7) in base 10?
993823
-17bba (base 15) to base 9
-126434
-5841348 (base 9) to base 6
-151355025
What is 20202101221 (base 3) in base 6?
2503341
-5613602 (base 9) to base 4
-23201132333
-32530335 (base 6) to base 7
-11203352
Convert 76546 (base 11) to base 5.
12024003
What is 2044231422 (base 5) in base 14?
7d93ac
What is -102210222011 (base 3) in base 7?
-1655632
158613 (base 9) to base 10
98184
What is -824dd (base 14) in base 2?
-1001100100111000011
Convert 324052 (base 6) to base 3.
1100210012
Convert 543510 (base 7) to base 3.
11211012120
3000202013 (base 4) to base 15
1089e5
-3140223 (base 6) to base 12
-74673
-2114356 (base 9) to base 14
-2165dc
Convert -254251 (base 7) to base 11.
-32451
Convert 8a97ca (base 13) to base 15.
44aebb
What is 108215 (base 9) in base 3?
10022020112
Convert 12150565 (base 7) to base 6.
35152441
8508 (base 16) to base 4
20110020
What is -100120000210 (base 3) in base 10?
-188103
-4a39c (base 15) to base 11
-152130
3635a (base 14) to base 10
132380
What is 821680 (base 9) in base 16?
76d91
-53133 (base 12) to base 16
-1a9f7
-100001110001001000011 (base 2) to base 3
-2002012211110
What is -1d88e (base 15) in base 6?
-2022242
Convert -11661805 (base 9) to base 6.
-322212352
Convert 11353251 (base 7) to base 3.
1220001022010
What is -2112011021101 (base 3) in base 10?
-1341559
43313032 (base 5) to base 16
5a467
What is 21210212 (base 3) in base 6?
42205
-8933440 (base 10) to base 14
-12878ac
Convert 20320314 (base 6) to base 7.
4660123
What is 1335311220 (base 6) in base 4?
331312220130
200410433 (base 5) to base 7
6516210
-350a6 (base 14) to base 9
-216100
Convert -87d5 (base 14) to base 12.
-11733
-153ace (base 15) to base 8
-3722055
Convert -100111101001100001000011 (base 2) to base 6.
-1010434455
What is 244422300 (base 5) in base 9?
2173341
What is -24422400 (base 5) in base 4?
-320312102
What is -30404312 (base 5) in base 13?
-88832
What is -135175 (base 8) in base 10?
-47741
What is -504507 (base 11) in base 2?
-11000110000010110111
Convert 11110011100000110111 (base 2) to base 16.
f3837
What is -15bd87 (base 15) in base 9?
-1874001
Convert 131446665 (base 7) to base 13.
1993143
What is -22143512 (base 6) in base 7?
-5445356
Convert -5b666 (base 15) to base 12.
-120980
Convert -27669a (base 13) to base 3.
-1210121112101
100101001001011111100100 (base 2) to base 7
145526201
Convert -11101110000101001111 (base 2) to base 10.
-975183
What is 54240553 (base 7) in base 14?
887d9a
What is -12221222211 (base 3) in base 9?
-187884
What is 379438 (base 11) in base 15?
bc364
-a210cb (base 13) to base 7
-44031204
What is 4514141 (base 6) in base 14?
5cdc1
Convert 112232232 (base 6) to base 13.
577634
3032382 (base 11) to base 12
1966a21
Convert -4970a (base 12) to base 10.
-99514
69b8a7 (base 13) to base 6
125450303
What is -4303482 (base 10) in base 8?
-20325172
-2112111110 (base 3) to base 14
-142ab
What is 1a9b20 (base 13) in base 2?
10100101101010100001
-334207 (base 9) to base 3
-101011020021
What is 134171 (base 8) in base 3?
2101210002
What is -12e6c (base 15) in base 12?
-2b103
What is -75283 (base 10) in base 5?
-4402113
-128667 (base 10) to base 14
-34c67
Convert -15313043 (base 6) to base 11.
-33865a
What is -344bd9 (base 16) in base 4?
-31010233121
Convert -4616865 (base 9) to base 7.
-30115301
-2022110110202 (base 3) to base 9
-2273422
What is 299360 (base 10) in base 9?
505572
What is 7575582 (base 10) in base 11?
4304713
Convert 110a2 (base 16) to base 6.
1255042
Convert -d72332 (base 14) to base 7.
-115523562
Convert -2411210032 (base 5) to base 13.
-11cccca
Convert 276595 (base 11) to base 9.
730316
What is 460a2b (base 12) in base 3?
2002222000122
What is 63028 (base 9) in base 4?
22021223
Convert -68b4ac (base 14) to base 16.
-366750
Convert 5dabb4 (base 15) to base 14.
84cb3c
Convert 185bdbd (base 14) to base 8.
55775023
What is 552414 (base 13) in base 9?
3684413
Convert 30413355 (base 8) to base 3.
110002121002210
Convert 71369 (base 14) to base 15.
55a5c
341210021 (base 5) to base 13
409b64
-110001010100111110 (base 2) to base 7
-1501025
Convert 837985 (base 12) to base 9.
3788452
Convert -579045 (base 11) to base 4.
-3200203122
3219a0 (base 11) to base 2
1111101101110010101
What is -103213200 (base 4) in base 11?
-55408
Convert cc352 (base 13) to base 2.
1011010010000000110
17f3b (base 16) to base 5
11114412
What is 11044624 (base 9) in base 2?
10100011000101101001110
What is 142103232 (base 6) in base 9?
5411612
What is 442b52 (base 14) in base 5?
1043001201
What is -38717 (base 16) in base 3?
-102202010122
What is -303243442 (base 5) in base 8?
-4536335
-d321 (base 14) to base 11
-252a0
What is -35509 (base 14) in base 3?
-20121021020
What is -18bc670 (base 14) in base 4?
-232320032022
2103532 (base 6) to base 7
603122
Convert -254321 (base 7) to base 6.
-1002145
What is -3528dd (base 15) in base 11?
-1485389
-2c2a4 (base 13) to base 14
-22850
Convert -e11262 (base 15) to base 7.
-156553625
What is -203212420 (base 5) in base 9?
-1512807
What is 158aa10 (base 12) in base 11?
2545972
-111000111010111 (base 2) to base 12
-14a47
Convert 650232 (base 9) to base 15.
79b45
What is 111101101101010101 (base 2) in base 7?
2101621
Convert -42223401 (ba